 divided by y?
9
Let j(l) = -l + 27. Calculate the remainder when 63 is divided by j(16).
8
Suppose -k + 3*a = -8, -4*a - 29 = -k - 4*k. Suppose k*l - 136 + 6 = 0. Calculate the remainder when l is divided by 22 + -7 + 2/(-2).
12
Suppose -3*i + 54 = -i. What is the remainder when i is divided by 4/10 - (-33)/5?
6
Let g = 39 - 27. Calculate the remainder when 57 is divided by g.
9
Let o(i) = i**3 - 12*i**2 - 11*i + 1. Calculate the remainder when o(13) is divided by 7.
6
Suppose -n + 2*z = -0*z - 29, -z = 3*n - 52. Suppose -10 = 2*l, 2*l + 282 = 4*a + 4*l. Calculate the remainder when a is divided by n.
16
Let q = 4 + -4. Suppose p + 20 = -q*p. Let w = 62 + p. What is the remainder when w is divided by 15?
12
Let o(x) = x**2 - 6*x + 4. Let k be o(5). Suppose -z + 30 = 3*t - t, -z = -t - 30. Let l = k + z. Calculate the remainder when l is divided by 10.
9
Suppose 7 = 4*v - 5. Calculate the remainder when v is divided by 3.
0
Let y = -2 - -8. Suppose 0 = -5*i + 4*i + 4. Suppose -4*a = -2*v - y, 4*a = i*v - a + 3. Calculate the remainder when 5 is divided by v.
2
Let t be 9/(-12) + 3/(-12). Let v be (-2 - -1)*0/t. Suppose 3*q - 2*p - 43 = -v*q, -3*q - 2*p = -23. What is the remainder when q is divided by 4?
3
Let s be 44/3 + (-1)/(-3). Let u be (8/(-10))/((-6)/s). Suppose -2*d - 8 = -3*o - 59, u*d - o = 41. What is the remainder when 52 is divided by d?
16
Suppose -l - 3*s + 14 = -s, -s = 4*l - 63. What is the remainder when l is divided by 6?
4
Suppose -24 = 3*b - 5*d + 17, 0 = -5*b + d - 61. Calculate the remainder when (-4)/(b/27) + -2 is divided by 4.
3
Suppose -207 = 10*u - 597. Calculate the remainder when u is divided by 11.
6
Suppose 3*w = -0*w + 27. Calculate the remainder when w is divided by 5/(1 + (1 - 1)).
4
Suppose -w + 4*y + 16 = 6, -2*w - y + 29 = 0. Calculate the remainder when w is divided by 5.
4
Suppose 2*i + 4 = a + 14, 2*a = i - 8. Suppose 3 = l - i. Let x = -5 - -9. What is the remainder when l is divided by x?
3
Suppose -2*u + 38 + 8 = 0. What is the remainder when u is divided by (3/5*5)/((-3)/(-8))?
7
Suppose y - 4*p = 28, 2*y + 3*p - 5*p = 38. What is the remainder when 63 is divided by y?
15
Suppose 6*n - 215 = -17. What is the remainder when 63 is divided by n?
30
Let x(s) = -s**3 - 5*s**2 + 2*s + 30. Calculate the remainder when 78 is divided by x(-5).
18
Suppose -3 - 1 = 4*a, -3*q + 5*a + 41 = 0. Calculate the remainder when q is divided by 5.
2
Let m(x) = -x + 4. Suppose -2*k = 2*k + 2*t - 70, -98 = -5*k + t. Calculate the remainder when k is divided by m(-3).
5
Let a(b) = 2*b - 4. Let q be a(3). Suppose 5*d - d - 8 = 4*n, -6 = n + 3*d. Let t = q - n. Calculate the remainder when 9 is divided by t.
4
Suppose -2*o + 3*o = 0. Let h = o + 8. Calculate the remainder when 15 is divided by h.
7
Let r be 0*(-3)/6 - -7. Let y(b) = -b**2 + 8*b + 3. What is the remainder when 28 is divided by y(r)?
8
Let g(b) = -7*b - 39. Calculate the remainder when 35 is divided by g(-7).
5
Let o(q) = -q**3 + 7*q**2 - 5*q + 5. Calculate the remainder when 118 is divided by o(5).
28
Suppose 9*c - 24 - 21 = 0. What is the remainder when 19 is divided by c?
4
What is the remainder when 12 is divided by (-9)/12 - 62/(-8)?
5
Suppose -u - 710 = w - 6*w, 4*w = 5*u + 589. What is the remainder when w is divided by 18?
15
Let u(a) = 3*a**2 + 2*a - 2. What is the remainder when (-3)/(2 - 125/60) is divided by u(-3)?
17
Let o be (4 - 7)*(0 + -1). Suppose -3*t - 3*f = -16 - 20, o*f = 4*t - 13. What is the remainder when t is divided by 3 - (0 + 0 + -2)?
2
Suppose -4*v + 49 = -7. What is the remainder when 82 is divided by v?
12
Suppose 0 = 11*v - 133 + 23. Calculate the remainder when 34 is divided by v.
4
Let s(y) = 0*y - y**2 - 8 - 10*y + 0*y**2. Calculate the remainder when 38 is divided by s(-7).
12
What is the remainder when 142/3*12/8*1 is divided by 25?
21
Suppose -a = -18 - 15. Calculate the remainder when 194 is divided by a.
29
Suppose -4*c - 3*d + 4 = -6, 3*c = -4*d + 4. Suppose 3 = -q + 5. Calculate the remainder when c is divided by q.
0
Let y be (-2)/4*-4 + 1. Suppose -4*x + 34 = y*n, 4 + 2 = -3*x. Let z = -9 + n. What is the remainder when 9 is divided by z?
4
Let p(m) = m - 4. Let g be p(6). Let l = g - 3. Let w = l - -2. Calculate the remainder when 2 is divided by w.
0
Let o(t) = 17*t**2 + 2*t - 2. Let p be o(2). What is the remainder when 16 is divided by p/8 + 6/24?
7
Let i be 8/(-20) - (-87)/5. Let c = 36 - i. Calculate the remainder when c is divided by 5.
4
What is the remainder when 2/(24/(-28) + 1) + 2 is divided by 6?
4
Let i = 1 - -23. Let c = 24 + -37. Let x = c + i. Calculate the remainder when 21 is divided by x.
10
Let u(h) = -h**3 - 17*h**2 - 5*h - 36. Calculate the remainder when u(-17) is divided by 13.
10
Let o = -79 + 99. Calculate the remainder when 54 is divided by o.
14
Suppose i = -44 + 74. Calculate the remainder when i is divided by 8.
6
Let u = 62 + 59. Suppose 5*j + 41 - u = 0. Calculate the remainder when 46 is divided by j.
14
Let y(l) = 27*l + 2. Let b(g) = 3*g + 7. Let k be b(5). Let f = -12 + k. What is the remainder when y(1) is divided by f?
9
Suppose 0 = -5*a - 4 + 14. Calculate the remainder when 39 is divided by 43/a - (-21)/(-14).
19
Suppose -2*m + 0*m + 184 = 0. Suppose -5*n + 115 = -4*d, -2*d + 69 = 3*n + d. What is the remainder when n is divided by (m/(-115))/(2/(-15))?
5
Let b = -100 - -91. Let i be (-1)/((-1)/19)*-1. Let n = b - i. What is the remainder when 19 is divided by n?
9
Suppose 4*f - 1 = -3*c, -7*f + 2*c = -4*f - 5. Suppose 7 = -3*p + f, 5*p = -3*a - 1. Calculate the remainder when 7 is divided by a.
1
Let l(g) = 57*g**2 - g + 1. Let p be (-10)/(-25) + (-3)/(-5). What is the remainder when l(p) is divided by 15?
12
Let z be 3*20/(-12)*-1. What is the remainder when (-2930)/(-50) - (-2)/z is divided by 15?
14
Suppose 4*v - 19 + 3 = 0, -4*v = 4*d. Let k = d + 8. Suppose 5*w - 3*w - k = 0. Calculate the remainder when 2 is divided by w.
0
Let f = 200 - 170. What is the remainder when 87 is divided by f?
27
Let b(f) = -2*f**3 - 5*f**2 + 2. Calculate the remainder when b(-4) is divided by 17.
16
Let p(j) = j**3 + 6*j**2 + 4*j + 1. Let r be p(-5). Let f = r + -7. What is the remainder when f/(2/(-10) - 0) is divided by 2?
1
Suppose 17*m + 98 = 18*m. What is the remainder when m is divided by 20?
18
Let z be 18/(-15)*(1 - -34). What is the remainder when ((-20)/(-15))/((-4)/z) is divided by 4?
2
Suppose -p + 236 = 3*p. Let b(h) = -h - 3. Let f be b(-3). Suppose f = -2*m - 4, 0*a - a - 4*m = -12. Calculate the remainder when p is divided by a.
19
Let y = -4 + 10. Let t(l) = -l**3 + 7*l**2 + 3. Let o be t(y). Let s = o - 22. Calculate the remainder when s is divided by 6.
5
Suppose -54 = -2*n - 0*r + r, -4*n = r - 96. Let k = 13 - 9. Suppose -12 = -k*s + 24. What is the remainder when n is divided by s?
7
Suppose -7*n + 0*n = -126. Calculate the remainder when (2 - 0)/((-2)/(-33)) is divided by n.
15
Let c(u) = 2*u - 2. Let j be c(3). Suppose -3*z = 2*b - 9, 4*z - 4 - 8 = j*b. Calculate the remainder when 7 is divided by z.
1
Let f = 9 - 4. Suppose 134 = f*l + 34. What is the remainder when (18/(-4))/((-3)/l) is divided by 16?
14
Let g(x) be the second derivative of x**4/12 - x**3/6 + x**2/2 + 27*x. Let u be 4/(-6) - 28/(-6). What is the remainder when g(u) is divided by 7?
6
What is the remainder when 109 is divided by (-2)/(42/(-28)*4/42)?
11
Suppose 3*v + 16 = -v. Calculate the remainder when (3 - 8*v) + -3 is divided by 11.
10
Suppose 6*x - 13 = 5*x. Let i = 2 - 12. What is the remainder when x is divided by i*(1/2 + -1)?
3
Suppose -3*x + 93 = -0*x. Calculate the remainder when x is divided by (4 - 3/1)*11.
9
Suppose -1 - 3 = -4*y. Let x be 2 + 2 + (y - 3). Let i = 0 + x. What is the remainder when i is divided by 2?
0
Let r = -2 + 27. Calculate the remainder when r is divided by 13.
12
Suppose -14 = l + 5*r + 7, -4*l + 3*r - 15 = 0. Calculate the remainder when (56 + l)/(0 + 2) is divided by 14.
11
Suppose n + 31 = l - 4*n, 5*l - 4*n - 155 = 0. What is the remainder when l is divided by 8?
7
Suppose -2*k + 4*k + 31 = 5*v, -3*k = -v + 14. Let j = 5 - 5. Let z = 9 - j. What is the remainder when z is divided by v?
4
Let k(g) = 19*g**2 + g - 1. Calculate the remainder when k(-2) is d